o?
16
Suppose 5*r - 3*r - 4 = 0. Let d(u) = 2*u**2 + 2*u - 2. Let l be d(r). Calculate the greatest common divisor of l and 4.
2
Suppose 0 = 2*s - s. Suppose 31 = 4*l - s*c - 3*c, -c = l - 13. What is the greatest common factor of 40 and l?
10
Suppose -4*u + 6 = -6. Let q = u + 1. Calculate the greatest common divisor of 12 and q.
4
Let h(c) = 2*c + 1. Let w be h(5). Let o = 6 - w. Let j be -1*2*(o - -3). Calculate the highest common divisor of j and 12.
4
Suppose -6*r + 3*z + 174 = -2*r, 2*r + 4*z - 98 = 0. Suppose 7*p = 2*p + r. Let q = 609 + -603. What is the highest common divisor of q and p?
3
Let r = -18 - -42. Suppose 0 = d + 7 + 4. Let f = 19 + d. What is the highest common factor of r and f?
8
Let w be 3*(-8)/(-108) - (-1292)/18. What is the greatest common factor of w and 4?
4
Let h(j) = j + 3. Let d be h(-5). Let t = 8 + d. Suppose 0*z = 4*z - 120. What is the greatest common factor of z and t?
6
Let z be (-4)/(-6)*-3*-23. Suppose t - z = 229. What is the highest common divisor of t and 25?
25
Let o = 52 + -8. Suppose -3*c + o = -1. What is the greatest common factor of 105 and c?
15
Suppose 5*s = 2*o + 209, 2*s + 92 = -2*o - 138. Let c = -70 - o. Let z = 121 - 115. Calculate the highest common factor of z and c.
6
Let f = 14 - 8. Let r(n) = -3 + 14*n - 6*n + 4 - 3*n**2 - 7*n**2 + 2*n**3. Let t be r(f). What is the highest common divisor of t and 11?
11
Let r be ((-1)/2)/((-6)/144). Suppose -2*d = -7*d + 90. Calculate the highest common factor of d and r.
6
Let j be (5/3)/(1/24). Let y = 56 - j. What is the greatest common factor of y and 24?
8
Let m = 7 - -4. Suppose 5*s - m = 3*g - 2, g - 17 = -5*s. What is the greatest common factor of s and 24?
3
Let x be (-6)/9*(-18)/(-4). Let w be (-2 - x)*(-3 - -82). Let t = w - 46. What is the highest common divisor of 3 and t?
3
Suppose 12 = -2*l + 6*h - 2*h, h = 2*l. Let v(m) = 2*m**3 - 4*m**2 + m + 2. Let j be v(l). Let g = 58 - 22. What is the greatest common factor of g and j?
4
Suppose 10 = -2*h - 2*g, -3*g - 2*g = 4*h + 18. Let x = h - -10. Suppose 0 = 3*s - 2*s - x*u + 7, s + 3*u = 23. Calculate the highest common factor of 8 and s.
8
Let c be 45/(-2)*72/(-20). Let x(w) = 3*w - 6. Let s be x(5). Calculate the highest common factor of s and c.
9
Let p = 2 + 5. Let w = 15 + -9. Let i(j) = 4*j - 3. Let h be i(w). What is the highest common factor of h and p?
7
Let z be (-6)/(1/((-112)/12)). Calculate the highest common divisor of z and 8.
8
Let h = -76 - -106. Let j be (2/5)/((-2)/h). Let t be 15/10*(-748)/j. Calculate the greatest common factor of t and 17.
17
Let c be 32 - (-5 - -3)/2. Suppose -4*x = 3*a - c, x - 14 - 19 = -3*a. What is the highest common factor of 11 and a?
11
Suppose -13 - 13 = 2*y. Let a = 2 - y. Let t(p) = 2*p**3 - 2*p. Let w be t(4). What is the greatest common divisor of w and a?
15
Let n = 10 + -6. Let c = 81 - n. Let x(p) = -p**3 + p**2 + p + 11. Let o be x(0). Calculate the highest common factor of o and c.
11
Let v = -30 - -102. Let h(l) = 8*l**3. Let j be h(1). What is the highest common factor of v and j?
8
Let c(z) be the second derivative of 5*z**4/12 - z**3/6 - z**2/2 + 3*z. Let i be c(-1). Calculate the highest common factor of i and 2.
1
Let p be 790/237*(0 + 0 + 6). What is the highest common factor of p and 35?
5
Suppose -269 = -3*l - p, -4*l + 9*l - 451 = p. What is the highest common divisor of 10 and l?
10
Let v be -5*(0 - (-171)/(-5)). What is the greatest common factor of 19 and v?
19
Suppose 0*t = -3*t + 54. Let q = -178 + 469. Let b = -165 + q. What is the highest common divisor of t and b?
18
Suppose -v = -2 - 3. Suppose -4*y + 808 = v*q, -q = -y + 53 - 211. Calculate the greatest common factor of q and 16.
16
Let g be (15 + 9)*(5 + -2). Calculate the highest common factor of 24 and g.
24
Suppose -5*l + 438 = -2*l + 4*c, -3*l + 456 = -2*c. What is the greatest common factor of l and 15?
15
Let o be 270/4*36/45. Let b = o + -18. Calculate the greatest common divisor of 9 and b.
9
Let l = 20 + 20. What is the highest common divisor of l and 8?
8
Let x be (-1)/5 - (-29)/(-5). Let p = 8 + x. Suppose -p*k + 16 = -3*q, 3*k + 3*q + 4 = -k. Calculate the greatest common factor of 5 and k.
1
Let x be (-4)/30 + 96/45. What is the highest common factor of 18 and x?
2
Let o = 0 - -10. What is the greatest common divisor of o and 30?
10
Suppose 0 = -k - 2*t + 294, -2*t = -5*k + 2*t + 1428. Calculate the highest common divisor of 32 and k.
32
Suppose 40 = -4*w + 152. Let u = w + -16. Suppose 287 + 1 = 3*l. Calculate the highest common factor of l and u.
12
Let f = 26 + -17. Suppose 4*k - f = 3*k. What is the highest common factor of 1 and k?
1
Suppose -4*s = -147 + 27. Calculate the highest common divisor of s and 45.
15
Let z be (-21)/2 + (-8)/(-16). Let s = -2 - z. Calculate the highest common divisor of 20 and s.
4
Suppose 0 = 2*i + 3*i - 35. Let z = -39 - -119. Let g = -45 + z. Calculate the highest common divisor of g and i.
7
Let o(n) be the second derivative of -n**5/20 - 3*n**4/4 + n**3/2 + 11*n**2/2 - 7*n. Let m be o(-11). What is the highest common factor of 20 and m?
20
Let f be 1/4 - 47/(-4). Let t(x) = x**3 - 8*x**2 + 19*x - 8. Let y be t(4). Calculate the highest common divisor of f and y.
4
Suppose h - 1 - 1 = 0. Suppose -3*y + h*y = -30. What is the highest common divisor of 12 and y?
6
Let d be 2/10 - (-32)/(-10). Let q be (d/2)/(3/(-16)). Calculate the highest common divisor of q and 2.
2
Let o be 54/13 - 8/52. Suppose -3*w + 93 = 4*n - 12, o*n = -4*w + 140. Calculate the greatest common factor of w and 14.
7
Let v(b) = b**2 + 12*b - 26. Let u be v(-14). Let h be 10/3 + (-1)/3. Calculate the highest common factor of u and h.
1
Let q = 37 - 22. Let y(g) = 164*g**2 + 2*g - 1. Let o be y(1). Calculate the highest common factor of o and q.
15
Let y(l) = -2*l**2 + 7*l. Let v(k) = 3*k**2 - 11*k. Let w(x) = -5*v(x) - 8*y(x). Let u be w(2). Calculate the greatest common divisor of u and 16.
2
Suppose 4*w = 8 + 16. Let j be 40/2 + -2*1. Suppose 3*n = n + j. Calculate the greatest common divisor of n and w.
3
Suppose 0 = -14*o + 12*o + 14. Calculate the highest common factor of o and 21.
7
Let d(g) = 1 - 4 + 4 + 44*g. Let w be d(1). Calculate the highest common divisor of 5 and w.
5
Suppose -2*h - 3*o = 5, -4*o = 5*h - 2 + 4. Suppose -h*t = 4 - 2, -t - 76 = -5*l. What is the greatest common factor of l and 15?
15
Let n(q) = 2*q**2 + 5*q - 5. Let i be n(5). Suppose -3*v + 14 = 2. Suppose -i = -v*t + 42. Calculate the greatest common divisor of 42 and t.
14
Let y be 15/(-75) + 202/10. What is the highest common factor of y and 10?
10
Suppose v - 59 = 161. What is the greatest common factor of v and 20?
20
Let r be ((-4)/8)/(2/(-3064)). Let u be (-2)/(-8) - r/(-8). Suppose 3*l = -l + u. What is the greatest common factor of 60 and l?
12
Suppose 6*b + 3*l = 11*b - 195, 0 = 5*b - 2*l - 190. What is the highest common factor of 288 and b?
36
Let k = 23 + -77. Let f = -36 - k. Calculate the greatest common divisor of f and 27.
9
Suppose -w + 14 = i, 10*i = 5*w + 8*i - 42. What is the highest common divisor of 2 and w?
2
Let f be 1 + 1 + 2/1. Suppose p + 5*g + 26 = -14, f*g = 20. Let z be 2/(-9) - p/9. What is the highest common factor of 28 and z?
7
Let f = -9 + 61. Calculate the highest common divisor of f and 26.
26
Let s(h) = 23*h**2 + 2*h - 1. Let z be s(2). Suppose -4*d - 3 + 81 = -u, -3*d + 5*u + 67 = 0. Calculate the greatest common divisor of z and d.
19
Let o be (1 + 5)*(-3)/3. Let m(i) = -5*i - 10. Let c be m(o). Calculate the highest common divisor of c and 5.
5
Let y be (-120)/(-36)*(-27)/(-5). Let j = 20 - y. What is the greatest common factor of 8 and j?
2
Let k = 121 - 65. Let a(h) = -h - 9. Let t be a(-16). Calculate the greatest common factor of t and k.
7
Let f = 115 + -75. Let h(l) = -l**3 - 8*l**2 - 9*l + 2. Let i be h(-7). Calculate the greatest common divisor of i and f.
8
Let i be 2*(0 - 3 - -7). Let p(m) = m**3 - 8*m**2 + 2*m - 12. Let n be p(i). What is the highest common divisor of n and 4?
4
Let h = -88 - -124. Calculate the highest common factor of 4 and h.
4
Suppose -3*a + a + 3*q = -3, a + q - 4 = 0. What is the greatest common divisor of a and 5?
1
Suppose 7*h - 20 = 3*h. Suppose -4*t + h = -23. Calculate the highest c